 -5*o = -0*p + p - 44. What are the prime factors of (-2744)/21*(-36)/o?
2, 3, 7
Let a(n) = -2 + 3 + 238*n + 2. Let o be a(2). Suppose 4*g = o - 75. What are the prime factors of g?
101
Let c be 162/72 - (-11)/(88/6). Let s be (-6)/2*2/(-3). Suppose 3*m = l - m - 197, c*m - 427 = -s*l. List the prime factors of l.
11, 19
Let f = -233 - -236. Suppose -4277 = -5*c + 2*k, 0 = -f*c - 4*k - 207 + 2794. List the prime factors of c.
857
Let w be 6/(-16)*-39306 - 36/(-144). List the prime factors of w/33 - 2/(-6).
3, 149
Let f = 44 - 44. Suppose -4*p + 1471 = -q, -p - 5*q + 3*q + 361 = f. Let d = p - 262. What are the prime factors of d?
3, 5, 7
Let l be (-6)/27 - 2/(-9). Let q(g) be the second derivative of g**3/2 + g**2 - g + 61. List the prime factors of q(l).
2
Let g(n) be the first derivative of 9*n**2/2 + 5*n + 40. Let u be g(8). What are the prime factors of ((-64)/(-5))/(-3 + u/25)?
2, 5
Suppose 4*p + 910 - 934 = 0, -w + 4*p + 79051 = 0. List the prime factors of w.
5, 3163
Let t = 1951 - -331. List the prime factors of t.
2, 7, 163
Let k(p) = 4*p + 27. Suppose -3*r - 84 = r. Let f = r - -34. What are the prime factors of k(f)?
79
Let b be (-6)/4 + 117/26. Suppose 0*c = -b*h - 3*c + 1152, c - 1146 = -3*h. What are the prime factors of h?
3, 127
What are the prime factors of -47*((-906)/36 - (17/6 + -3))?
5, 47
What are the prime factors of (-5)/(-10) + 7/(70/72735)?
2, 3637
Suppose 0 = -20*p + 15*p - 5, -2*p = 2*t - 7500. List the prime factors of t.
11, 31
What are the prime factors of -5 + 3/(-10) + 9109*14/20?
23, 277
List the prime factors of 8/(-12) + (-60954)/(-9).
2, 1693
Suppose -6*f - 1943 = 2*y - 11*f, 3*y + 2904 = -3*f. Let x = y - -1373. List the prime factors of x.
2, 101
Suppose 35903 + 3886 + 11655 = 36*i. List the prime factors of i.
1429
Suppose 3*z = -2*n + 336, 2*z - 4*n = 3*z - 102. Let o = 144 - z. List the prime factors of o.
2, 3, 5
Suppose -3*o - 2*t = -95396, -t - 159015 = -5*o - 0*t. List the prime factors of o.
2, 15901
Suppose 12*j + 10*j = -72*j + 191760. List the prime factors of j.
2, 3, 5, 17
Suppose -5*l + 5 = -5. Suppose -k - l*k = -15, -3*k = 4*m - 23. Suppose -m*p + 28 = -28. What are the prime factors of p?
2, 7
Let n = -34 + 34. Suppose -4*h + 8*h + 16 = n, p = h + 554. Let k = p - 389. List the prime factors of k.
7, 23
Let a(l) = -l**3 - 4*l**2 - 8*l - 9. Let h be a(-4). What are the prime factors of h + -17 - (2 + -305)?
3, 103
Let k(m) = 4*m**3 + m**2 + m. Let j be k(-1). Let f be j/(-6)*(-258)/(-4) + 0. Let s = f + 57. List the prime factors of s.
2, 5
What are the prime factors of (-4)/(-12) - 17182/(-6)?
2, 179
Let c = 79 + -95. Let h = 18 + c. Suppose h*d = 2*v - 3*d - 421, -5*d = 3*v - 594. List the prime factors of v.
7, 29
Let x(f) be the third derivative of f**5/60 + f**4/4 - 7*f**3/3 - 19*f**2. Let y be x(3). Suppose -y*b + 254 = -11*b. What are the prime factors of b?
127
Suppose -3*c + 4*n + 21 = 0, 7*c + 5*n = 4*c + 48. Suppose u + 1 = c. Suppose -q = -33 - u. List the prime factors of q.
43
Suppose 5*m = 9606 + 3074. Suppose -m = -14*x + 3302. List the prime factors of x.
3, 139
Let h = -13434 - -23159. List the prime factors of h.
5, 389
Suppose 5756*n - 311808 = 5735*n. List the prime factors of n.
2, 29
What are the prime factors of (-106836)/580*130/(-6)?
13, 307
Let y(k) = 207*k - 7 + 3 + 99*k. List the prime factors of y(1).
2, 151
Let x(c) = -c**3 + 5*c**2 + 19*c - 117. Let q be x(5). Let o(j) = -j**2 - 17*j - 8. Let g(y) = -1. Let r(p) = 4*g(p) - o(p). List the prime factors of r(q).
2, 3, 19
What are the prime factors of 26701 - -1 - 8608/(-538)?
2, 3, 61, 73
Let w(p) = -92*p - 19. Let q(v) = 46*v + 9. Let z(a) = -5*q(a) - 2*w(a). Let f(d) = -d**3 - 6*d**2 + d + 3. Let t be f(-6). List the prime factors of z(t).
131
List the prime factors of ((-44)/(-12))/11*(-6 + 19245).
11, 53
List the prime factors of (1*402/3)/(0 - (-8)/252).
3, 7, 67
Let u(t) = t**2 - t - 9. Let a be u(4). Let h be (a - -1) + (1 - -12 - 0). What are the prime factors of (22 - h)*96/5?
2, 3
Suppose 2*n + 4*n + 12 = 0. Let z = 1297 + -617. List the prime factors of (-3)/27*n + z/18.
2, 19
What are the prime factors of -29646*(-14 - (-27)/2)?
3, 61
Suppose 33960 = 3*u - 4*r, 0 = -4*u - 3*r + 24775 + 20505. What are the prime factors of u?
2, 5, 283
Let k(l) = 6*l + 1. Let x be k(1). Suppose x*n - 2*n - 3*b = 25, -n = -3*b - 17. Suppose -i - n*i = -432. List the prime factors of i.
2, 3
Suppose -115*s = -474044 - 990366. List the prime factors of s.
2, 6367
Suppose -3*m - 12 = 0, -4*k + 105688 = -m + 18844. What are the prime factors of k?
2, 5, 13, 167
Let t = -41 + 22. Let z = -14 - t. Suppose 4*b + 3*k = 362, 4*b = -z*k + k + 364. List the prime factors of b.
89
Let z(i) = -i**3 - i**2 - 2*i. Let m be z(7). Let k = m - -1226. List the prime factors of k.
2, 5, 41
Suppose -4*z = -3*k + 129 + 66, -z = 3*k + 45. List the prime factors of 12/z + (1353/4)/1.
2, 13
Let d(g) = -13*g**3 + 22*g**2 + 62*g + 539. What are the prime factors of d(-10)?
13, 1163
Let r = -479 - -882. Suppose -v = -5*m - r, -5*v + m = 184 - 2175. Let o = v + -160. List the prime factors of o.
2, 7, 17
Suppose 184*v = 64*v + 91*v + 11919. What are the prime factors of v?
3, 137
Let x = 2 + -2. Let k be x/(-4)*-1 + -123. Let m = k + 204. What are the prime factors of m?
3
Suppose -5*q - 417 = -4*y + 462, 0 = -q + 2*y - 171. Let t = 333 + q. List the prime factors of t.
2, 7, 11
Suppose 3*z = x + 4584, 8*z = 4*z + 4*x + 6112. Let n = -529 + z. List the prime factors of n.
3, 37
Let v(c) = 3*c**3 + 3*c**2 - 2*c - 1. Let i be v(1). Suppose 0 = -i*q + 25 + 851. What are the prime factors of q?
2, 73
Let t be (-24)/10*145/2. Suppose 268 = -125*y + 121*y. Let d = y - t. List the prime factors of d.
107
Suppose -4*i - 396 = -8*i. Suppose -360 = 3*n + i. Let f = 330 + n. What are the prime factors of f?
3, 59
Suppose 3*i - 5*s = 4*i - 27, -2*i + 19 = 3*s. Let r be (i/(-3))/(4/(-36)*3). Suppose -2*l = 2*l + 4*d - 728, -5*d - 399 = -r*l. List the prime factors of l.
11, 17
Suppose 73991 = 3*s + q - 2*q, -2*s + 49309 = 3*q. List the prime factors of s.
2, 11, 19, 59
Let h = -159 + 205. Suppose h*l - 402 = 44*l. What are the prime factors of l?
3, 67
Let p = 92 - 79. Let i = -9 + p. Suppose i*n + 215 = 831. What are the prime factors of n?
2, 7, 11
What are the prime factors of (14 - -499 - 3) + 13?
523
List the prime factors of (18/(-120))/(6/(-592465)) - (-42)/112.
2, 7, 23
Suppose 7*b - 51 - 250 = 0. Suppose t - 20 = 2. Let i = b - t. List the prime factors of i.
3, 7
Let c(s) = 3762*s**2 - 47*s - 89. List the prime factors of c(-2).
15053
Suppose 0 = 2*w - 2*h + 6, -2*w + 15 = -w + 5*h. Suppose -9*c + 2*c - 1239 = w. Let a = c - -296. What are the prime factors of a?
7, 17
Suppose 1 = -m + x, -7*x + 3*x = 5*m - 31. Suppose -2*o = j - 978, 5*o = m*j - 5*j + 2446. What are the prime factors of o?
2, 5, 7
What are the prime factors of ((-384)/54)/16 - (-76112)/18?
2, 7, 151
Let g(t) = 2*t**3 + 43*t**2 - 23*t - 14. Let w be g(-22). Suppose 0 = -3*y + 17 - w. What are the prime factors of y?
3
Let p be 2 + (-3 + 0)/((-15)/6775). Suppose 0 = 12*v - 2027 - p. List the prime factors of v.
2, 3, 47
Let r(d) = -77*d**3 + 13*d**2 - 14*d - 62. What are the prime factors of r(-4)?
2, 3, 5, 19
What are the prime factors of 224/(-140) + (-20293)/(-5)?
4057
Suppose -3666 = -5*x - 3*w + 828, -1806 = -2*x + 3*w. Suppose -25*p + x = -3800. What are the prime factors of p?
2, 47
Let m be 1/16 + (-1092064)/(-512). What are the prime factors of (m/54)/((-2)/(-4))?
79
Let l(d) = 14*d**2 - 349*d - 75. What are the prime factors of l(40)?
5, 7, 239
What are the prime factors of (-3099)/(-18) + (-12 - (-426)/36)?
2, 43
Suppose 3050 = 16*r - 6*r. Let v = 752 - r. What are the prime factors of v?
3, 149
Let m be (92/36 + -3)*3*-21. Suppose m*f + 26*f = 23490. List the prime factors of f.
3, 5, 29
Let i = -10068 + 14988. List the prime factors of i.
2, 3, 5, 41
Let z(p) = 140*p + 612. What are the prime factors of z(28)?
2, 11, 103
Let k(i) = -i**3 - 8*i**2 - 10*i + 17. Let s be k(-6). Let n = -3 - -5. Suppose -n*y + 21 + s = 0. What are the prime factors of y?
13
Suppose -8*p + 3*p + 11025 = 0. Suppose p = 8*r - 451. Suppose -r = -h - 3*h + 5*q, -5*q + 136 = 2*h. What are th